base 4) to base 13
6a1cab
Convert -21324311 (base 5) to base 15.
-393a6
What is -1345b5 (base 14) in base 9?
-1223416
-10766018 (base 9) to base 16
-4ff505
Convert -263502 (base 8) to base 13.
-32b28
60393 (base 15) to base 16
4a5b3
What is 8551a1 (base 13) in base 7?
35362065
-43231103 (base 5) to base 11
-231250
What is 4100440 (base 5) in base 8?
200321
What is -4040a (base 11) in base 16?
-e6b2
7b3615 (base 13) to base 8
13110615
-2536703 (base 11) to base 9
-8247201
What is 1a19112 (base 11) in base 5?
1333040300
Convert 832307 (base 10) to base 15.
116922
What is -102c4 (base 15) in base 7?
-302305
What is -13112201321 (base 4) in base 2?
-111010110100001111001
Convert 614693 (base 10) to base 3.
1011020012102
Convert 102211102102 (base 3) to base 12.
b290b
-78197 (base 16) to base 3
-220222210112
Convert -273122a (base 11) to base 13.
-c9174a
What is 1100001011110010011 (base 2) in base 14?
a56dd
Convert -2017733 (base 10) to base 15.
-29cca8
Convert -3669c (base 13) to base 7.
-564366
-1113330221 (base 4) to base 13
-c7c73
Convert 827078 (base 9) to base 11.
305730
What is 101100000100110011001 (base 2) in base 5?
332203444
Convert 3103311 (base 4) to base 16.
34f5
What is -54465134 (base 7) in base 8?
-21644366
132529c (base 13) to base 14
b25d70
What is 1123254 (base 10) in base 11?
6a7a10
-1a69a (base 13) to base 11
-35905
Convert -175716b (base 12) to base 16.
-49e923
Convert -1210011210212 (base 3) to base 11.
-598512
Convert 42043415 (base 6) to base 4.
10221213203
1123133312 (base 4) to base 10
374774
Convert -30965 (base 10) to base 14.
-b3db
Convert e2d3 (base 16) to base 14.
17239
What is -13304053 (base 9) in base 4?
-121000323123
Convert -82487 (base 11) to base 10.
-120369
118a2 (base 14) to base 7
235662
1110202002110 (base 3) to base 11
494817
-6273874 (base 10) to base 3
-102210202010201
Convert 2132683 (base 9) to base 15.
178cc3
433a (base 15) to base 9
21461
Convert 133114410 (base 5) to base 11.
422075
-11110110000010111010 (base 2) to base 16
-f60ba
Convert -309c2b (base 15) to base 12.
-935635
Convert 5550654 (base 7) to base 10.
684618
What is 5372611 (base 8) in base 3?
2201010002111
What is 10111101101121 (base 3) in base 7?
21535156
What is -1957994 (base 10) in base 5?
-1000123434
What is 20633560 (base 8) in base 9?
8253600
Convert 143561213 (base 7) to base 10.
9510812
What is -63602 (base 7) in base 11?
-10901
What is ac4284 (base 13) in base 6?
223042544
What is -a7645 (base 12) in base 11?
-14062a
Convert 101110101111010100001000 (base 2) to base 11.
6a09478
What is 111001031 (base 4) in base 13?
30257
1001110101110100011110 (base 2) to base 7
30633054
What is -39100 (base 13) in base 16?
-19c99
Convert -206372 (base 11) to base 15.
-67e05
What is -758030 (base 12) in base 11?
-105aa71
What is 407605 (base 8) in base 15?
2a030
What is 12060780 (base 10) in base 9?
24622246
What is -132477 (base 10) in base 5?
-13214402
1000100001110011 (base 2) to base 5
2104211
What is 3304555 (base 6) in base 12?
7b15b
40b34 (base 14) to base 2
100110000011011010
13b84 (base 15) to base 13
22ab0
Convert -3ad33 (base 15) to base 8.
-560266
Convert 3071df (base 16) to base 5.
1303044004
-101120022001011 (base 3) to base 12
-1a6987a
What is 3010323312 (base 4) in base 3?
1111222111210
-2056347 (base 8) to base 14
-103a3d
-1027170 (base 8) to base 11
-177988
Convert 1772db (base 14) to base 16.
c9ca1
615a86 (base 12) to base 3
2212102102010
What is 630102 (base 7) in base 2?
11010011001000000
Convert -ca085 (base 15) to base 7.
-5310620
4b601 (base 12) to base 14
29681
Convert -748b27 (base 13) to base 9.
-5124573
What is -146164a (base 11) in base 8?
-11435772
Convert -21201120212202 (base 3) to base 15.
-561745
Convert -110122110021222 (base 3) to base 6.
-400015042
Convert 2da75d (base 15) to base 14.
418328
What is -932d9b (base 15) in base 9?
-14142722
Convert -101010102211120 (base 3) to base 9.
-11112746
Convert 557826 (base 9) to base 4.
1101200001
What is -261052 (base 7) in base 8?
-136420
-2523301 (base 7) to base 2
-1001111011011000000
3cd90 (base 14) to base 10
150850
What is 1813c00 (base 15) in base 14?
248420b
4523245 (base 6) to base 10
228845
What is -11504135 (base 8) in base 3?
-11202022000210
What is -11001011000100100000 (base 2) in base 15?
-1166bb
Convert -44b05 (base 14) to base 6.
-3324121
Convert -1079956 (base 10) to base 12.
-440b84
Convert -200132220 (base 4) to base 9.
-222433
Convert -110000101011000 (base 2) to base 12.
-12508
-1539666 (base 11) to base 12
-a70038
What is -2331300414 (base 5) in base 11?
-3016252
-4550342 (base 6) to base 9
-383358
What is 22542206 (base 7) in base 14?
3965ad
Convert 55c4cc (base 15) to base 14.
787168
Convert 3204042 (base 5) to base 10.
53647
-981693 (base 11) to base 4
-11332333222
Convert 3c01 (base 15) to base 10.
12826
Convert -1ee2c (base 15) to base 10.
-101067
-12100121100 (base 3) to base 11
-72224
-54581c (base 13) to base 6
-110300515
-1220652 (base 8) to base 15
-6999d
What is 244020210 (base 5) in base 9?
2153772
What is 125895 (base 15) in base 12?
364b28
132412341 (base 5) to base 4
2203200121
Convert -481173 (base 10) to base 5.
-110344143
-412514150 (base 6) to base 8
-33153222
Convert -3044002 (base 5) to base 9.
-75368
What is -243445011 (base 6) in base 9?
-8676237
Convert -364450 (base 8) to base 6.
-2403424
25cb5c (base 13) to base 4
3133010123
Convert 1003322033 (base 4) to base 15.
5763e
What is -254524303 (base 6) in base 14?
-93bac7
-1277063 (base 8) to base 12
-1543ab
Convert 7440427 (base 8) to base 15.
29272d
-470034 (base 11) to base 14
-1561ba
1384322 (base 11) to base 16
244751
-60611622 (base 7) to base 3
-100111022122120
What is 145824 (base 13) in base 5?
111413104
Convert -1130514 (base 6) to base 12.
-29a3a
What is -48297 (base 16) in base 7?
-2340510
-120120231012 (base 4) to base 16
-618b46
304818 (base 12) to base 7
6261641
Convert -322432341 (base 5) to base 7.
-14452053
710469 (base 10) to base 14
146cbb
Convert 8611040 (base 9) to base 14.
881268
Convert -10000000111010011001 (base 2) to base 16.
-80e99
-12733 (base 16) to base 3
-10211122221
Convert 24a0029 (base 11) to base 4.
100202003013
What is -212eb (base 16) in base 10?
-135915
What is -259580a (base 11) in base 8?
-21075143
What is -61366615 (base 7) in base 6?
-301511534
Convert -576977 (base 13) to base 4.
-13321222121
Convert -460120 (base 9) to base 5.
-32310121
Convert -12221110121221 (base 3) to base 15.
-425caa
What is -113565 (base 7) in base 14?
-76a5
Convert -17574235 (base 8) to base 13.
-b16551
What is 10241330204 (base 5) in base 3?
202111002012110
-603454 (base 8) to base 11
-126104
What is 74cd8 (base 14) in base 3?
112100102101
What is -115164226 (base 7) in base 12?
-24b8064
Convert 15064400 (base 7) to base 4.
11130210302
Convert 144023100 (base 5) to base 15.
10251a
10001102210221 (base 3) to base 14
303493
-2a3a4 (base 13) to base 3
-11001101002
10286423 (base 10) to base 7
153301400
2261564 (base 7) to base 16
45530
161760 (base 8) to base 2
1110001111110000
249e (base 15) to base 11
5950
Convert -225296 (base 10) to base 5.
-24202141
What is -2018411 (base 9) in base 11?
-675137
What is -1000000111011110100 (base 2) in base 12?
-109b04
Convert 1010100101010001001001 (base 2) to base 10.
2774089
-130232303 (base 4) to base 9
-188378
Convert -242410352 (base 6) to base 11.
-2665748
1080801 (base 10) to base 9
2026520
-11100111011101100101 (base 2) to base 10
-948069
What is 21511562 (base 7) in base 9?
3432168
-479786 (base 10) to base 2
-1110101001000101010
1011011001100011010110 (base 2) to base 14
57b022
Convert -32111013 (base 4) to base 9.
-88456
What is 342422403 (base 5) in base 6?
52442024
Convert 13305ba (base 12) to base 11.
2162720
13400313431 (base 5) to base 7
266115626
What is 9d8473 (base 15) in base 12?
2628190
What is -240859a (base 12) in base 2?
-11010101000100101000110
Convert -6b1ac (base 13) to base 14.
-5152c
Convert 701965 (base 16) to base 11.
4168617
-4a8a9b (base 14) to base 2
-1001110000111000010001
What is -10010001001010101110111 (base 2) in base 5?
-2204204410
1608ab0 (base 12) to base 6
240155140
1137073 (base 10) to base 7
12444040
25a72 (base 15) to base 9
203238
What is -2132279 (base 10) in base